 factors of 338681.
7, 48383
List the prime factors of 1995719.
11, 397, 457
What are the prime factors of 1411835?
5, 41, 71, 97
What are the prime factors of 9585143?
9585143
What are the prime factors of 828838?
2, 83, 4993
List the prime factors of 843122.
2, 7, 60223
List the prime factors of 131176.
2, 19, 863
List the prime factors of 7406300.
2, 5, 11, 6733
List the prime factors of 3423215.
5, 684643
What are the prime factors of 20887812?
2, 3, 11, 52747
What are the prime factors of 2723873?
379, 7187
What are the prime factors of 267602?
2, 133801
List the prime factors of 374474.
2, 187237
What are the prime factors of 13014895?
5, 23, 113173
What are the prime factors of 225118?
2, 112559
List the prime factors of 5321365.
5, 7, 152039
What are the prime factors of 5379537?
3, 1793179
What are the prime factors of 282592?
2, 8831
What are the prime factors of 94956?
2, 3, 41, 193
List the prime factors of 19887251.
47, 423133
List the prime factors of 6178455.
3, 5, 31, 43, 103
List the prime factors of 812389.
223, 3643
List the prime factors of 5268048.
2, 3, 109751
List the prime factors of 143005.
5, 37, 773
What are the prime factors of 5489475?
3, 5, 53, 1381
What are the prime factors of 2643610?
2, 5, 167, 1583
List the prime factors of 12181453.
307, 39679
What are the prime factors of 1802402?
2, 7, 31, 4153
What are the prime factors of 385180?
2, 5, 19259
What are the prime factors of 41358?
2, 3, 61, 113
What are the prime factors of 5659286?
2, 1069, 2647
List the prime factors of 2280874.
2, 19, 193, 311
List the prime factors of 3851396.
2, 23, 41863
What are the prime factors of 902105?
5, 17, 10613
What are the prime factors of 6103954?
2, 3051977
List the prime factors of 904783.
11, 83, 991
What are the prime factors of 3717049?
7, 43, 53, 233
What are the prime factors of 5216768?
2, 23, 443
What are the prime factors of 290589?
3, 13, 7451
What are the prime factors of 3169994?
2, 167, 9491
List the prime factors of 25851911.
659, 39229
List the prime factors of 2942112.
2, 3, 19, 1613
What are the prime factors of 1103475?
3, 5, 14713
What are the prime factors of 5979509?
19, 314711
List the prime factors of 3034017.
3, 7, 5351
What are the prime factors of 1632220?
2, 5, 81611
What are the prime factors of 378352?
2, 13, 17, 107
What are the prime factors of 374014?
2, 43, 4349
What are the prime factors of 179677?
353, 509
What are the prime factors of 265827?
3, 88609
What are the prime factors of 8743672?
2, 7, 193, 809
What are the prime factors of 5094508?
2, 19, 67033
List the prime factors of 159622.
2, 79811
List the prime factors of 12436801.
13, 937, 1021
What are the prime factors of 4309266?
2, 3, 13, 101, 547
What are the prime factors of 632432?
2, 29, 47
List the prime factors of 5372607.
3, 1790869
What are the prime factors of 5626762?
2, 17, 61, 2713
What are the prime factors of 30121028?
2, 7, 101, 10651
What are the prime factors of 7939575?
3, 5, 7, 71
List the prime factors of 19329740.
2, 5, 31, 31177
What are the prime factors of 4178?
2, 2089
List the prime factors of 41145.
3, 5, 13, 211
What are the prime factors of 84228?
2, 3, 7019
What are the prime factors of 515295?
3, 5, 11, 347
List the prime factors of 560580.
2, 3, 5, 9343
List the prime factors of 123138.
2, 3, 6841
List the prime factors of 1597949.
17, 93997
List the prime factors of 261088.
2, 41, 199
What are the prime factors of 537823?
11, 13, 3761
List the prime factors of 459897.
3, 41, 3739
List the prime factors of 482800.
2, 5, 17, 71
What are the prime factors of 353899?
7, 13, 3889
List the prime factors of 961187.
961187
What are the prime factors of 45369?
3, 71
What are the prime factors of 2242240?
2, 5, 7, 11, 13
List the prime factors of 1625984.
2, 12703
What are the prime factors of 657280?
2, 5, 13, 79
What are the prime factors of 5049963?
3, 43, 13049
List the prime factors of 12910152.
2, 3, 83, 6481
List the prime factors of 337880.
2, 5, 8447
List the prime factors of 10957770.
2, 3, 5, 109, 1117
What are the prime factors of 616106?
2, 107, 2879
List the prime factors of 19111306.
2, 9555653
List the prime factors of 25479139.
7, 29, 313, 401
What are the prime factors of 1677831?
3, 559277
What are the prime factors of 261763?
19, 23, 599
List the prime factors of 2882298.
2, 3, 480383
List the prime factors of 1711471.
1711471
What are the prime factors of 2332733?
13, 179441
What are the prime factors of 85757?
7, 12251
List the prime factors of 120901.
11, 29, 379
What are the prime factors of 20936?
2, 2617
What are the prime factors of 13675426?
2, 6837713
What are the prime factors of 207922?
2, 11, 13, 727
What are the prime factors of 218454?
2, 3, 23, 1583
List the prime factors of 25781675.
5, 1031267
What are the prime factors of 39566597?
7, 79, 71549
What are the prime factors of 4856777?
4856777
List the prime factors of 2640100.
2, 5, 17, 1553
What are the prime factors of 27673183?
59, 469037
List the prime factors of 70400.
2, 5, 11
List the prime factors of 1783980.
2, 3, 5, 11, 17, 53
What are the prime factors of 9727908?
2, 3, 810659
List the prime factors of 3276009.
3, 11, 33091
List the prime factors of 360936.
2, 3, 557
What are the prime factors of 7960335?
3, 5, 17, 19, 31, 53
What are the prime factors of 189780?
2, 3, 5, 3163
List the prime factors of 7018287.
3, 2339429
What are the prime factors of 14806921?
43, 344347
What are the prime factors of 9033921?
3, 13, 77213
List the prime factors of 10568767.
11, 349, 2753
List the prime factors of 5043412.
2, 11, 83, 1381
List the prime factors of 31378612.
2, 41, 73, 2621
List the prime factors of 493510.
2, 5, 17, 2903
What are the prime factors of 100628?
2, 11, 2287
List the prime factors of 176917.
13, 31, 439
What are the prime factors of 1221175?
5, 48847
What are the prime factors of 640614?
2, 3, 13, 43, 191
What are the prime factors of 9732?
2, 3, 811
What are the prime factors of 948998?
2, 474499
List the prime factors of 214071.
3, 11, 13, 499
What are the prime factors of 1982858?
2, 991429
What are the prime factors of 17295294?
2, 3, 97, 29717
List the prime factors of 163943.
13, 12611
List the prime factors of 823446.
2, 3, 13, 17, 23
List the prime factors of 2567798.
2, 47, 59, 463
What are the prime factors of 3992302?
2, 167, 11953
List the prime factors of 813962.
2, 406981
What are the prime factors of 1980973?
293, 6761
List the prime factors of 250323.
3, 181, 461
What are the prime factors of 331692?
2, 3, 131, 211
What are the prime factors of 556402?
2, 7, 11, 3613
What are the prime factors of 9808362?
2, 3, 163, 3343
List the prime factors of 278550.
2, 3, 5, 619
List the prime factors of 20171589.
3, 6723863
List the prime factors of 15326081.
15326081
List the prime factors of 1102405.
5, 97, 2273
List the prime factors of 12077356.
2, 3019339
What are the prime factors of 49360?
2, 5, 617
List the prime factors of 2574812.
2, 643703
What are the prime factors of 1052601?
3, 11, 167, 191
List the prime factors of 503632.
2, 31477
List the prime factors of 343503.
3, 38167
What are the prime factors of 15670306?
2, 7835153
What are the prime factors of 14168852?
2, 1097, 3229
What are the prime factors of 297800?
2, 5, 1489
List the prime factors of 2302659.
3, 255851
What are the prime factors of 1300272?
2, 3, 103, 263
List the prime factors of 1918577.
449, 4273
List the prime factors of 367226.
2, 31, 5923
List the prime factors of 142932.
2, 3, 43, 277
What are the prime factors of 4002910?
2, 5, 400291
What are the prime factors of 1041090?
2, 3, 5, 34703
What are the prime factors of 5170734?
2, 3, 83, 3461
List the prime factors of 19735467.
3, 37, 177797
List the prime factors of 291812.
2, 72953
List the prime factors of 163121.
7, 3329
List the prime factors of 23719951.
101, 234851
What are the prime factors of 13220?
2, 5, 661
List the prime factors of 104427.
3, 41, 283
What are the prime factors of 653069?
659, 991
List the prime factors of 668036.
2, 167009
List the prime factors of 1040204.
2, 11, 47, 503
List the prime factors of 326152.
2, 59, 691
What are the prime factors of 533086?
2, 17, 15679
List the prime factors of 24683.
24683
What are the prime f